prime factors of p?
461
Let z = -4004 - -13389. List the prime factors of z.
5, 1877
Let g(p) = p**3 + 126*p**2 + 275*p + 164. List the prime factors of g(-121).
2, 20047
Let m(u) = -22*u - 12. Let r be m(-1). Suppose -r*l = -1250 - 620. List the prime factors of l.
11, 17
Let r(z) = 9*z**2 + 11*z - 122. Let b(w) = -4*w**2 - 6*w + 61. Let g(i) = 13*b(i) + 6*r(i). List the prime factors of g(-12).
17, 29
Suppose 23*u - 27*u + 66042 = 2*a, 5*a + 82575 = 5*u. List the prime factors of u.
2, 3, 43
Suppose -120*g + 52*g = -62016. What are the prime factors of g?
2, 3, 19
What are the prime factors of 10/9*-3*92940/(-50)?
2, 1549
Suppose 3*s - 7*s = 3*p - 27423, 9131 = p + 3*s. What are the prime factors of p?
7, 1307
Let a = -38 - -43. Suppose c - a*c = -48. Let z(u) = u**3 - 11*u**2 - 5*u + 15. List the prime factors of z(c).
3, 11
List the prime factors of ((-89286)/(-18) + 1)*(-33)/(-22).
2, 61
Suppose 0 = 2*t + 3*h - 7202, 5*t - 5*h = 20826 - 2871. What are the prime factors of t?
5, 719
Let d(l) = l**2 + 2*l + 19. Let r be d(-4). Suppose -5*o = -5*g - 5, -4*g + r = 3*o + 10. List the prime factors of g.
2
Let j(u) = u**3 + 19*u**2 - 23*u + 15. Let f be ((-1)/4 - 0)*10*8. List the prime factors of j(f).
3, 5
Suppose 22*c - 24213 - 4849 = 0. Suppose -4615 = -8*k + c. List the prime factors of k.
2, 7, 53
Let x = -6446 - -23326. List the prime factors of x.
2, 5, 211
Let z(x) = -705*x + 582. What are the prime factors of z(-17)?
3, 59, 71
Suppose -s + 3160 = 3*s. Suppose 0 = 8*c - 2630 + s. What are the prime factors of c?
2, 5, 23
Let p be (5/15)/((-2)/(-3570)). Let j = -322 + p. List the prime factors of j.
3, 7, 13
Suppose -33*u + 23*u = -26955 - 40035. List the prime factors of u.
3, 7, 11, 29
List the prime factors of ((-3)/(-10))/3 + 133966/140.
3, 11, 29
Suppose 0 = 1114*j - 1071*j - 868944. List the prime factors of j.
2, 3, 421
Let h = -378 + 710. Suppose -2*r + 640 = -h. List the prime factors of r.
2, 3
Let x(t) be the first derivative of 7*t**3/3 + 2*t**2 - 5*t - 24. What are the prime factors of x(-5)?
2, 3, 5
Let z = -430 + 435. Suppose f - 4 = 0, z*f = -5*b + 817 + 3288. List the prime factors of b.
19, 43
Suppose b + 1 = c, -2*b - 14*c + 3 = -17*c. List the prime factors of b + (6 - (-4)/(-4)*-11).
11
Suppose 2*s + 2*g - 62828 = 0, g = 18*s - 16*s - 62816. What are the prime factors of s?
2, 3, 5, 349
Let j(d) = -3968*d - 256. List the prime factors of j(-3).
2, 7, 13
Let s(r) = r**2 + 5*r - 2. Let m be s(-6). Suppose 50 - 575 = 5*t - m*q, 0 = -5*q. List the prime factors of (-2)/(t/(-115) + -1).
23
Suppose 0 = 3*d - x - 108128, -3*d + 80*x - 39*x + 107848 = 0. What are the prime factors of d?
3, 5, 89
Let x = 532 + -527. Suppose x*h = w + 4086, -3266 = 6*h - 10*h - 2*w. List the prime factors of h.
19, 43
Let z(r) = 405*r - 70. Let g be z(4). Let u = g + -259. List the prime factors of u.
1291
Suppose -2*w - 10 = 0, 3*u + 2*w + 4 = 3*w. What are the prime factors of (-1)/(u/2820*2)?
2, 5, 47
Let i(d) = d**2 - 6*d - 761. Let m be i(0). List the prime factors of ((-82)/(-8))/(m/(-152) - 5).
2, 19, 41
What are the prime factors of ((-23)/46 + 1)/(1/15920)?
2, 5, 199
List the prime factors of 8569 + ((-376)/(-24) + -13)*3/(-2).
3, 5, 571
Let v(g) = 6903*g - 60. List the prime factors of v(1).
3, 2281
Let m(j) = -3*j**3 - 30*j**2 - 109*j - 2232. List the prime factors of m(-21).
2, 3, 5, 487
Suppose -17 = b + 3*p - 1963, -3*b = -3*p - 5910. What are the prime factors of b?
2, 491
What are the prime factors of (-11)/(66/9)*3/((-72)/462896)?
7, 4133
Suppose 770994 = 226622*r - 226604*r. List the prime factors of r.
7, 29, 211
Suppose -8374*p + 50412 = -8368*p. List the prime factors of p.
2, 4201
Let d(m) = m**2 - 6*m + 5. Let t be d(6). Let s be (-12 + t)*4/(-14). Suppose 0 = 5*i + 4*y - 213 - 152, 0 = 4*i + s*y - 286. List the prime factors of i.
3, 23
Let w be (-1)/2*2*(2 - 0). What are the prime factors of -1257*(2 + (-5 - w))?
3, 419
Let d(s) = -29*s**3 - s**2 + 1. Let x be d(-1). Suppose 7*c - 6 = x. Suppose 4 + 16 = c*m. List the prime factors of m.
2
Suppose -120*i - 899 = -d - 125*i, -3*d + 2557 = -5*i. List the prime factors of d.
2, 3
Let o(z) = 0*z**3 - 4*z + 3*z + 4 - z**3. Let c be o(0). What are the prime factors of 20*(1 + c/(-10))?
2, 3
Suppose -48 - 17 = -13*i. Suppose 0 = d - 5, 0 = -i*r + 13*d - 18*d + 2250. List the prime factors of r.
5, 89
Suppose -3*x - 5 - 2 = -2*s, 2*s + 3*x - 13 = 0. Suppose -5*c = -5*r + 4805, -c + 1501 = s*r - 3274. What are the prime factors of r?
2, 239
Suppose 0 = -2*i - 5*i + 56. Suppose -2*t - z + 24 = -172, 4*z = i. List the prime factors of t.
97
Let q(o) = o**2 + 3*o + 115. Let z(c) = -c**3 - 5*c**2 + 4*c - 30. Let x be z(-6). What are the prime factors of q(x)?
5, 7, 11
Suppose -2*v - 3123 = 7*v. List the prime factors of (v/(-2))/((-4)/(-8)) + 4.
3, 13
Let u(t) be the first derivative of 2*t**3/3 - 91*t + 49. What are the prime factors of u(-17)?
487
Let g be 6/4*392/(-6). Suppose 77 = -x + 3*c - 64, -2 = 2*c. Let r = g - x. List the prime factors of r.
2, 23
Let o(j) = -5*j**3 + 2*j**2 - 5*j - 15. Suppose -p - 3 - 2 = 0, 0 = -5*s + 5*p. List the prime factors of o(s).
5, 137
Let l(h) = 51*h**3 + 4*h**2 - h - 2. Let b be l(-1). List the prime factors of (-1320)/(-18)*b/(-10).
2, 11
Suppose -28260 = 725*c - 737*c. What are the prime factors of c?
3, 5, 157
Let d(g) = -11*g**2 - 130*g + 53. Let h(v) = -5*v**2 - 65*v + 26. Let x(j) = 2*d(j) - 5*h(j). List the prime factors of x(-26).
2, 157
Suppose -43*o - 4452 = -46*o. Suppose -3*v = 6*y - 5*y - 2243, -2*v + 5*y = -o. What are the prime factors of v?
3, 83
Suppose 3*m - 7 = 3*x - 2*x, -5*m = 2*x - 8. Suppose m*k - 36 = -2*o, -2*o + 35 + 13 = -4*k. Suppose -o = 2*b - 100. What are the prime factors of b?
2, 5
Let i = 48436 - 22340. What are the prime factors of i?
2, 7, 233
Let p(s) = 19*s**2 - 131*s + 37. What are the prime factors of p(30)?
47, 281
Let j = -34420 - -54734. What are the prime factors of j?
2, 7, 1451
Suppose 5*q = 2*n - 7*n + 10655, 0 = -3*n. Let h = -334 + q. What are the prime factors of h?
3, 599
Let d be (589/62)/(1/4*-1). Let f(q) = q**3 + 40*q**2 + 60*q - 53. What are the prime factors of f(d)?
3, 5, 37
Let l(w) = 9*w**2 + 35*w - 172. List the prime factors of l(-29).
2, 3191
Suppose 5*q = -2*d - 1 + 376, -75 = -q - 4*d. Suppose 3*p - q = 60. Suppose -13*l - p = -18*l. List the prime factors of l.
3
Suppose -206 + 46 = 8*j. Let q be (1 - j)/(-2 + 21/6). What are the prime factors of (q/(-21))/((-4)/342)?
3, 19
Let m(z) = z**2 - z - 2. Let r be m(-2). Let c = 837 - 883. What are the prime factors of (-66)/r*c/3?
11, 23
Let j(t) = 2*t + 7 + 3*t + 9*t**2 + 3*t - 2*t. Let w be j(-1). Suppose w*p = 485 + 185. What are the prime factors of p?
67
Suppose -2*z + 10 = j, z - 4*j + 0 + 13 = 0. Let v be (-4 + (-33)/(-6))*776/z. Let a = v - 243. What are the prime factors of a?
5, 29
Let c = -20859 - -48975. List the prime factors of c.
2, 3, 11, 71
Suppose 5*c + 105 = -185. Let v = -121 + 56. Let w = c - v. List the prime factors of w.
7
Let q = 26263 + -4505. What are the prime factors of q?
2, 11, 23, 43
Suppose 0 = 104*t - 35*t - 351693. List the prime factors of t.
3, 1699
Let h = 36 - 98. Let k = -14 - h. Suppose -c + 2*t = -k, -5*c + 97 = -3*c - 3*t. List the prime factors of c.
2, 5
Let j be 48/(-7)*(-3 + 0 - 4). Suppose -3*k + 5*k = 5*p - j, 2*k = 2. Let z(y) = -y**2 + 12*y + 1. List the prime factors of z(p).
3, 7
Let j(k) = 21*k + 83. Let s be j(3). Let p = 630 + s. List the prime factors of p.
2, 97
Suppose 132*y + 193251 = 1629258 + 2001. What are the prime factors of y?
2, 13, 419
Suppose 16968 = u + 2*a - 5163, -4*a = u - 22141. What are the prime factors of u?
11, 2011
Suppose 0 = 2*z + 15*z - 136. List the prime factors of (-3 + z - -4)*27.
3
Let q(t) = -313*t - 1662. What are the prime factors of q(-17)?
3659
Let t(d) = -3*d + 2. Let g be t(33). Let a = g + 832. What are the prime factors of a?
3, 5, 7
Suppose 2*j - 3648 = 3*w, 2*w + 1810 = j + 4*w. Suppose -13*l + j = 5*l. What are the prime factors of l?
101
Let v(r) be the second derivative of -r**5/20 - 7*r**4/12 + 5*r**2 + 29*r. What are the prime factors of v(-7)?
2, 5
Let b(g) = -g**2 + 208*g + 291. What are the prime factors of b(59)?
2, 19, 